{"id":565,"date":"2021-01-11T15:46:41","date_gmt":"2021-01-11T15:46:41","guid":{"rendered":"https:\/\/1003225.ruhr-colo.de\/?page_id=565"},"modified":"2021-10-20T21:46:34","modified_gmt":"2021-10-20T21:46:34","slug":"individual-session-service-8","status":"publish","type":"page","link":"https:\/\/die-naturheilpraxis-pusch.de\/index.php\/individual-session-service-8\/","title":{"rendered":"Mesolis Faltentherapie"},"content":{"rendered":"<div class=\"wpb-content-wrapper\"><p>[vc_row full_width=&#8220;0&#8243; full_height=&#8220;0&#8243; particles=&#8220;0&#8243; css=&#8220;.vc_custom_1457512674147{padding-bottom: 96px !important;}&#8220;][vc_column width=&#8220;1\/6&#8243;][vc_single_image image=&#8220;667&#8243; img_size=&#8220;full&#8220;][\/vc_column][vc_column width=&#8220;2\/3&#8243;][vc_column_text]Was ist Meso?<br \/>\nMesolis ist eine vollkommen neue Produktlinie, die zur Injektion in die obere Hautschicht zur Rehydratation und Faltenpr\u00e4vention entwickelt wurde. Diese Gele werden auf Basis von unvernetzter, biofermentativ gewonnener Hyalurons\u00e4ure hergestellt, deren hoher Reinheitsgrad bei optimierten Behandlungsmethoden ausgezeichnete Ergebnisse garantiert.<\/p>\n<p>Mesolis-Gele basieren auf Bestandteilen, die nat\u00fcrlicherweise im menschlichen K\u00f6rper vorkommen. Alle Mesolis-Produkte sind daher zuverl\u00e4ssig, absolut biokompatibel und vollst\u00e4ndig biologisch abbaubar.<\/p>\n<p>Behandlungsmethoden zur Hautverj\u00fcngung per Mikroinjektion<br \/>\nMesolis-Mikroinjektionen werden nach dem bekannten Prinzip der Mesotherapie durchgef\u00fchrt.<\/p>\n<p>Zur Verj\u00fcngung der Haut k\u00f6nnen zwei verschiedene Injektionstechniken eingesetzt werden: Die Mikropapular- und die Multipunktur-Technik (Nappage). Die Mikroinjektionen werden im Abstand von wenigen Millimetern in den zu behandelnden Hautbereich der oberen Hautschicht oder am \u00dcbergang zwischen Dermis und Epidermis eingebracht.<\/p>\n<p>Charakteristisch f\u00fcr Hyalurons\u00e4ure ist die Funktion Feuchtigkeit zu binden, indem sie den interzellul\u00e4ren Austausch f\u00f6rdert.<br \/>\nDie rheologischen Eigenschaften der Hyalurons\u00e4ure erh\u00f6hen Elastizit\u00e4t und Festigkeit der Haut.<\/p>\n<p>Diese Hyalurons\u00e4ure zeichnet sich durch einen hohen Reinheitsgrad aus. Sie diffundier sanft, gleichm\u00e4\u00dfig und langsam in die Haut. Risiken, wie R\u00f6tungen oder andere unerw\u00fcnschte Nebenwirkungen, werden dadurch erheblich minimiert.<\/p>\n<p>Die Produkte k\u00f6nnen auf zahlreichen K\u00f6rperpartien angewandt werden: im Gesicht, am Hals, am Dekollet\u00e9 und an den Handr\u00fccken.[\/vc_column_text][\/vc_column][vc_column width=&#8220;1\/6&#8243;][\/vc_column][\/vc_row]<\/p>\n<\/div>","protected":false},"excerpt":{"rendered":"<p>[vc_row full_width=&#8220;0&#8243; full_height=&#8220;0&#8243; particles=&#8220;0&#8243; css=&#8220;.vc_custom_1457512674147{padding-bottom: 96px !important;}&#8220;][vc_column width=&#8220;1\/6&#8243;][vc_single_image image=&#8220;667&#8243; img_size=&#8220;full&#8220;][\/vc_column][vc_column width=&#8220;2\/3&#8243;][vc_column_text]Was ist Meso? Mesolis ist eine vollkommen neue Produktlinie, die zur Injektion in die obere Hautschicht zur Rehydratation und Faltenpr\u00e4vention [&hellip;]<\/p>\n","protected":false},"author":1,"featured_media":0,"parent":0,"menu_order":0,"comment_status":"closed","ping_status":"closed","template":"","meta":{"footnotes":""},"class_list":["post-565","page","type-page","status-publish","hentry"],"_links":{"self":[{"href":"https:\/\/die-naturheilpraxis-pusch.de\/index.php\/wp-json\/wp\/v2\/pages\/565","targetHints":{"allow":["GET"]}}],"collection":[{"href":"https:\/\/die-naturheilpraxis-pusch.de\/index.php\/wp-json\/wp\/v2\/pages"}],"about":[{"href":"https:\/\/die-naturheilpraxis-pusch.de\/index.php\/wp-json\/wp\/v2\/types\/page"}],"author":[{"embeddable":true,"href":"https:\/\/die-naturheilpraxis-pusch.de\/index.php\/wp-json\/wp\/v2\/users\/1"}],"replies":[{"embeddable":true,"href":"https:\/\/die-naturheilpraxis-pusch.de\/index.php\/wp-json\/wp\/v2\/comments?post=565"}],"version-history":[{"count":6,"href":"https:\/\/die-naturheilpraxis-pusch.de\/index.php\/wp-json\/wp\/v2\/pages\/565\/revisions"}],"predecessor-version":[{"id":679,"href":"https:\/\/die-naturheilpraxis-pusch.de\/index.php\/wp-json\/wp\/v2\/pages\/565\/revisions\/679"}],"wp:attachment":[{"href":"https:\/\/die-naturheilpraxis-pusch.de\/index.php\/wp-json\/wp\/v2\/media?parent=565"}],"curies":[{"name":"wp","href":"https:\/\/api.w.org\/{rel}","templated":true}]}}